{"id":1173,"date":"2025-03-15T09:44:45","date_gmt":"2025-03-15T09:44:45","guid":{"rendered":"https:\/\/perfectpools4you.com\/?page_id=1173"},"modified":"2026-01-10T15:41:59","modified_gmt":"2026-01-10T15:41:59","slug":"instalacao-e-manutencao","status":"publish","type":"page","link":"https:\/\/perfectpools4you.com\/?page_id=1173","title":{"rendered":"Instala\u00e7\u00e3o e Manuten\u00e7\u00e3o"},"content":{"rendered":"\n<section id=\"wp-block-themeisle-blocks-advanced-columns-c2246ca3\" class=\"wp-block-themeisle-blocks-advanced-columns alignfull has-1-columns has-desktop-equal-layout has-tablet-equal-layout has-mobile-equal-layout has-vertical-flex-start has-light-bg\"><div class=\"wp-block-themeisle-blocks-advanced-columns-overlay\"><\/div><div class=\"innerblocks-wrap\">\n<div id=\"wp-block-themeisle-blocks-advanced-column-f7ab0ca7\" class=\"wp-block-themeisle-blocks-advanced-column\">\n<section id=\"wp-block-themeisle-blocks-advanced-columns-85d9d5c8\" class=\"wp-block-themeisle-blocks-advanced-columns has-1-columns has-desktop-equal-layout has-tablet-equal-layout has-mobile-collapsedRows-layout has-vertical-flex-start\"><div class=\"wp-block-themeisle-blocks-advanced-columns-overlay\"><\/div><div class=\"innerblocks-wrap\">\n<div id=\"wp-block-themeisle-blocks-advanced-column-d38987b1\" class=\"wp-block-themeisle-blocks-advanced-column\">\n<p class=\"has-text-align-center has-base-color has-text-color has-link-color has-small-font-size wp-elements-f12cbe7272bc57b84b3af120d4f8d540\">Equipamentos modernos e bem mantidos garantem uma piscina eficiente, segura e sempre pronta a utilizar.<\/p>\n\n\n\n<h2 class=\"wp-block-heading has-text-align-center has-base-2-color has-text-color has-link-color wp-elements-c8ac5849017487de1b90dbc3435b3f77\" id=\"additional-services-1\" style=\"font-style:normal;font-weight:700\">Instala\u00e7\u00e3o &amp; Manuten\u00e7\u00e3o<\/h2>\n\n\n\n<hr class=\"wp-block-separator has-text-color has-base-2-color has-alpha-channel-opacity has-base-2-background-color has-background is-style-wide\"\/>\n\n\n\n<h3 class=\"wp-block-heading has-text-align-left has-base-2-color has-text-color has-link-color wp-elements-16792ad5236ea5131ed7d6f288c48655\" id=\"bombas-de-calor\"><strong>\u27a4 <strong>Bombas de Calor<\/strong><\/strong><\/h3>\n\n\n\n<p class=\"has-base-color has-text-color has-link-color wp-elements-55cecd5787ac33ccab2f667a96070478\">As bombas de calor s\u00e3o uma solu\u00e7\u00e3o eficiente para manter a temperatura da \u00e1gua ideal durante todo o ano, independentemente da esta\u00e7\u00e3o. Elas aquecem a piscina utilizando a energia do ar, oferecendo um conforto t\u00e9rmico em dias mais frios e permitindo que desfrute da piscina por mais tempo. Al\u00e9m disso, o seu funcionamento \u00e9 mais econ\u00f3mico do que outros sistemas de aquecimento, reduzindo significativamente os custos de energia.<\/p>\n\n\n\n<p class=\"has-text-align-left has-base-2-color has-text-color has-link-color wp-elements-0c0ec5e227c24045c17db9cf149ad290\"><strong>Benef\u00edcio:<\/strong> Prolonga a \u00e9poca de utiliza\u00e7\u00e3o da piscina, permitindo usufruir dela mesmo nos meses mais frios, enquanto reduz os custos energ\u00e9ticos.<\/p>\n\n\n\n<h3 class=\"wp-block-heading has-text-align-left has-base-2-color has-text-color has-link-color wp-elements-2619593bdc0ebad33916502c9270a67a\" id=\"sistema-de-filtracao\"><strong>\u27a4 Sistema de Filtra\u00e7\u00e3o<\/strong><\/h3>\n\n\n\n<p class=\"has-base-color has-text-color has-link-color wp-elements-9e0bab2eadaf1ee09ca64df811a0f204\">Um bom sistema de filtra\u00e7\u00e3o \u00e9 essencial para garantir uma \u00e1gua limpa, saud\u00e1vel e segura. A nossa equipa assegura a instala\u00e7\u00e3o de sistemas de filtra\u00e7\u00e3o eficazes, que removem as impurezas, detritos e part\u00edculas finas da \u00e1gua. Com o sistema de filtra\u00e7\u00e3o adequado, a necessidade de produtos qu\u00edmicos diminui, e a qualidade da \u00e1gua \u00e9 mantida em condi\u00e7\u00f5es ideais.<\/p>\n\n\n\n<p class=\"has-text-align-left has-base-2-color has-text-color has-link-color wp-elements-9eed7889618fdf75c56370fcc264ecec\"><strong>Benef\u00edcio:<\/strong> Reduz a necessidade de qu\u00edmicos, o que contribui para uma \u00e1gua mais natural e menos agressiva, ao mesmo tempo que melhora a qualidade geral da \u00e1gua e prolonga a vida \u00fatil da piscina.<\/p>\n\n\n\n<h3 class=\"wp-block-heading has-text-align-left has-base-2-color has-text-color has-link-color wp-elements-46cd04c456144b8d052b2c2c213ee51a\" id=\"coberturas-automaticas\"><strong>\u27a4 Coberturas Autom\u00e1ticas<\/strong><\/h3>\n\n\n\n<p class=\"has-base-color has-text-color has-link-color wp-elements-1af8cddeb5ff1d4d5d5bcad9ae294fac\">As coberturas autom\u00e1ticas s\u00e3o uma solu\u00e7\u00e3o pr\u00e1tica e segura para proteger a sua piscina. Estas coberturas evitam a evapora\u00e7\u00e3o da \u00e1gua e conservam a temperatura, reduzindo a necessidade de aquecimento adicional. Elas tamb\u00e9m protegem a piscina de sujidade e detritos, al\u00e9m de aumentar a seguran\u00e7a, especialmente em casas com crian\u00e7as ou animais de estima\u00e7\u00e3o.<\/p>\n\n\n\n<p class=\"has-text-align-left has-base-2-color has-text-color has-link-color wp-elements-0511d334115512970d02975e7a0125ac\"><strong>Benef\u00edcio:<\/strong> Evita a evapora\u00e7\u00e3o da \u00e1gua, conserva a temperatura, reduz os custos de manuten\u00e7\u00e3o e aumenta a seguran\u00e7a da piscina, mantendo-a protegida quando n\u00e3o estiver em uso.<\/p>\n\n\n\n<h3 class=\"wp-block-heading has-text-align-left has-base-2-color has-text-color has-link-color wp-elements-2aed5b0678da2076b1c54a715938e24d\" id=\"coberturas-automaticas\"><strong>\u27a4<\/strong> <strong>Tratamentos Autom\u00e1ticos<\/strong><\/h3>\n\n\n\n<p class=\"has-base-color has-text-color has-link-color wp-elements-1af8cddeb5ff1d4d5d5bcad9ae294fac\">As coberturas autom\u00e1ticas s\u00e3o uma solu\u00e7\u00e3o pr\u00e1tica e segura para proteger a sua piscina. Estas coberturas evitam a evapora\u00e7\u00e3o da \u00e1gua e conservam a temperatura, reduzindo a necessidade de aquecimento adicional. Elas tamb\u00e9m protegem a piscina de sujidade e detritos, al\u00e9m de aumentar a seguran\u00e7a, especialmente em casas com crian\u00e7as ou animais de estima\u00e7\u00e3o.<\/p>\n\n\n\n<p class=\"has-text-align-left has-base-2-color has-text-color has-link-color wp-elements-0511d334115512970d02975e7a0125ac\"><strong>Benef\u00edcio:<\/strong> Evita a evapora\u00e7\u00e3o da \u00e1gua, conserva a temperatura, reduz os custos de manuten\u00e7\u00e3o e aumenta a seguran\u00e7a da piscina, mantendo-a protegida quando n\u00e3o estiver em uso.<\/p>\n\n\n\n<div style=\"height:100px\" aria-hidden=\"true\" class=\"wp-block-spacer\"><\/div>\n\n\n\n<div class=\"wp-block-group alignfull has-background has-global-padding is-layout-constrained wp-container-core-group-is-layout-72190d31 wp-block-group-is-layout-constrained\" style=\"background-color:#f0ede6;margin-top:0;margin-bottom:0;padding-top:0;padding-right:0;padding-bottom:0;padding-left:0\">\n<div class=\"wp-block-group alignwide has-base-2-background-color has-background has-medium-font-size has-global-padding is-layout-constrained wp-container-core-group-is-layout-39412042 wp-block-group-is-layout-constrained\" style=\"border-radius:16px;padding-top:var(--wp--preset--spacing--40);padding-right:var(--wp--preset--spacing--50);padding-bottom:var(--wp--preset--spacing--40);padding-left:var(--wp--preset--spacing--50);background-image:url(&#039;https:\/\/perfectpools4you.com\/wp-content\/uploads\/2025\/03\/high-angle-woman-cleaning-floors.jpg&#039;);background-size:cover;background-attachment:fixed;\">\n<div style=\"height:var(--wp--preset--spacing--10)\" aria-hidden=\"true\" class=\"wp-block-spacer\"><\/div>\n\n\n\n<h2 class=\"wp-block-heading has-text-align-center has-contrast-color has-text-color has-link-color has-x-large-font-size wp-elements-d2fcdaf6ad98c818523bfcca15803e8b\" id=\"join-900-subscribers-1\"><strong>Pe\u00e7a um or\u00e7amento gratuito ou esclare\u00e7a as suas d\u00favidas com os nossos especialistas.<\/strong><\/h2>\n\n\n\n<div class=\"wp-block-buttons is-content-justification-center is-layout-flex wp-container-core-buttons-is-layout-a89b3969 wp-block-buttons-is-layout-flex\">\n<div class=\"wp-block-button\"><a class=\"wp-block-button__link has-contrast-color has-text-color has-background has-link-color wp-element-button\" href=\"https:\/\/perfectpools4you.com\/?page_id=1058\" style=\"background-color:#f0a733\">Contactos<\/a><\/div>\n<\/div>\n\n\n\n<div style=\"height:var(--wp--preset--spacing--10)\" aria-hidden=\"true\" class=\"wp-block-spacer\"><\/div>\n<\/div>\n<\/div>\n\n\n\n<div style=\"height:100px\" aria-hidden=\"true\" class=\"wp-block-spacer\"><\/div>\n\n\n\n<h2 class=\"wp-block-heading has-text-align-left has-base-2-color has-text-color has-link-color wp-elements-d3dd762cf40a3e552aa1997e0c80e8c3\" id=\"additional-services-1\" style=\"font-style:normal;font-weight:700\">Servi\u00e7os Adicionais<\/h2>\n\n\n\n<p class=\"has-text-align-left has-base-2-color has-text-color has-link-color wp-elements-9261bdff230501d22671f96024c4c931\">Al\u00e9m da manuten\u00e7\u00e3o da sua piscina, tamb\u00e9m realizamos a<strong> limpeza e o tratamento da sua piscina<\/strong>. Se procura transformar ou construir uma nova piscina, o nosso servi\u00e7o de <strong>constru\u00e7\u00e3o e renova\u00e7\u00e3o<\/strong> oferece solu\u00e7\u00f5es personalizadas e duradouras.<\/p>\n<\/div>\n<\/div><\/section>\n\n\n\n<section id=\"wp-block-themeisle-blocks-advanced-columns-876b0433\" class=\"wp-block-themeisle-blocks-advanced-columns has-2-columns has-desktop-equal-layout has-tablet-equal-layout has-mobile-collapsedRows-layout has-vertical-flex-start\"><div class=\"wp-block-themeisle-blocks-advanced-columns-overlay\"><\/div><div class=\"innerblocks-wrap\">\n<div id=\"wp-block-themeisle-blocks-advanced-column-6be03cf4\" class=\"wp-block-themeisle-blocks-advanced-column\">\n<figure class=\"wp-block-image size-full is-resized\"><img loading=\"lazy\" decoding=\"async\" width=\"549\" height=\"488\" src=\"https:\/\/perfectpools4you.com\/wp-content\/uploads\/2025\/03\/limpeza.webp\" alt=\"\" class=\"wp-image-1054\" style=\"width:407px;height:auto\" srcset=\"https:\/\/perfectpools4you.com\/wp-content\/uploads\/2025\/03\/limpeza.webp 549w, https:\/\/perfectpools4you.com\/wp-content\/uploads\/2025\/03\/limpeza-300x267.webp 300w\" sizes=\"auto, (max-width: 549px) 100vw, 549px\" \/><\/figure>\n\n\n\n<div style=\"height:16px\" aria-hidden=\"true\" class=\"wp-block-spacer\"><\/div>\n\n\n\n<h3 class=\"wp-block-heading has-text-align-left has-base-2-color has-text-color has-link-color wp-elements-a1719b3b3d80a0da5f38c7363ec2300c\" id=\"online-portal-1\" style=\"margin-top:0px;font-style:normal;font-weight:700\">Limpeza &amp; Tratamento<\/h3>\n\n\n\n<p class=\"has-text-align-left has-base-2-color has-text-color has-link-color wp-elements-1441837f8b09cee024f20e78cfa006ef\">Cuidamos da limpeza, do equil\u00edbrio da \u00e1gua e da manuten\u00e7\u00e3o sazonal para garantir uma piscina segura, cristalina e pronta a usar durante todo o ano.<\/p>\n\n\n\n<div class=\"wp-block-buttons is-layout-flex wp-block-buttons-is-layout-flex\">\n<div class=\"wp-block-button is-style-primary\"><a class=\"wp-block-button__link has-contrast-color has-text-color has-background has-link-color wp-element-button\" href=\"https:\/\/perfectpools4you.com\/?page_id=1128\" style=\"border-radius:22px;background-color:#f0a733\">Saiba Mais<\/a><\/div>\n<\/div>\n<\/div>\n\n\n\n<div id=\"wp-block-themeisle-blocks-advanced-column-b5b3ad1c\" class=\"wp-block-themeisle-blocks-advanced-column\">\n<figure class=\"wp-block-image size-large\"><img loading=\"lazy\" decoding=\"async\" width=\"1024\" height=\"683\" src=\"https:\/\/perfectpools4you.com\/wp-content\/uploads\/2025\/03\/beautiful-luxury-outdoor-swimming-pool-with-stair-1024x683.jpg\" alt=\"\" class=\"wp-image-1182\" srcset=\"https:\/\/perfectpools4you.com\/wp-content\/uploads\/2025\/03\/beautiful-luxury-outdoor-swimming-pool-with-stair-1024x683.jpg 1024w, https:\/\/perfectpools4you.com\/wp-content\/uploads\/2025\/03\/beautiful-luxury-outdoor-swimming-pool-with-stair-300x200.jpg 300w, https:\/\/perfectpools4you.com\/wp-content\/uploads\/2025\/03\/beautiful-luxury-outdoor-swimming-pool-with-stair-768x512.jpg 768w, https:\/\/perfectpools4you.com\/wp-content\/uploads\/2025\/03\/beautiful-luxury-outdoor-swimming-pool-with-stair-1536x1024.jpg 1536w, https:\/\/perfectpools4you.com\/wp-content\/uploads\/2025\/03\/beautiful-luxury-outdoor-swimming-pool-with-stair-2048x1365.jpg 2048w, https:\/\/perfectpools4you.com\/wp-content\/uploads\/2025\/03\/beautiful-luxury-outdoor-swimming-pool-with-stair-600x400.jpg 600w\" sizes=\"auto, (max-width: 1024px) 100vw, 1024px\" \/><\/figure>\n\n\n\n<div style=\"height:16px\" aria-hidden=\"true\" class=\"wp-block-spacer\"><\/div>\n\n\n\n<h3 class=\"wp-block-heading has-text-align-left has-base-2-color has-text-color has-link-color wp-elements-d5c920003629fee66be33395451a3749\" id=\"agile-management-1\" style=\"margin-top:0px;font-style:normal;font-weight:700\">Constru\u00e7\u00e3o &amp; Renova\u00e7\u00e3o<\/h3>\n\n\n\n<p class=\"has-text-align-left has-base-2-color has-text-color has-link-color wp-elements-6cd678cfbe286a66fcb37d8b5ecd1593\">Transforme a sua piscina ou construa uma de raiz com solu\u00e7\u00f5es modernas, duradouras e personalizadas ao seu espa\u00e7o.<\/p>\n\n\n\n<div style=\"height:35px\" aria-hidden=\"true\" class=\"wp-block-spacer\"><\/div>\n\n\n\n<div class=\"wp-block-buttons is-layout-flex wp-block-buttons-is-layout-flex\">\n<div class=\"wp-block-button is-style-primary\"><a class=\"wp-block-button__link has-contrast-color has-text-color has-background has-link-color wp-element-button\" href=\"https:\/\/perfectpools4you.com\/?page_id=1177\" style=\"border-radius:22px;background-color:#f0a733\">Saiba Mais<\/a><\/div>\n<\/div>\n<\/div>\n<\/div><\/section>\n<\/div>\n<\/div><\/section>\n\n\n\n<p><\/p>\n","protected":false},"excerpt":{"rendered":"","protected":false},"author":1,"featured_media":0,"parent":0,"menu_order":0,"comment_status":"closed","ping_status":"closed","template":"page-no-title","meta":{"_gspb_post_css":"","_themeisle_gutenberg_block_has_review":false,"footnotes":""},"class_list":["post-1173","page","type-page","status-publish","hentry"],"_links":{"self":[{"href":"https:\/\/perfectpools4you.com\/index.php?rest_route=\/wp\/v2\/pages\/1173","targetHints":{"allow":["GET"]}}],"collection":[{"href":"https:\/\/perfectpools4you.com\/index.php?rest_route=\/wp\/v2\/pages"}],"about":[{"href":"https:\/\/perfectpools4you.com\/index.php?rest_route=\/wp\/v2\/types\/page"}],"author":[{"embeddable":true,"href":"https:\/\/perfectpools4you.com\/index.php?rest_route=\/wp\/v2\/users\/1"}],"replies":[{"embeddable":true,"href":"https:\/\/perfectpools4you.com\/index.php?rest_route=%2Fwp%2Fv2%2Fcomments&post=1173"}],"version-history":[{"count":4,"href":"https:\/\/perfectpools4you.com\/index.php?rest_route=\/wp\/v2\/pages\/1173\/revisions"}],"predecessor-version":[{"id":1237,"href":"https:\/\/perfectpools4you.com\/index.php?rest_route=\/wp\/v2\/pages\/1173\/revisions\/1237"}],"wp:attachment":[{"href":"https:\/\/perfectpools4you.com\/index.php?rest_route=%2Fwp%2Fv2%2Fmedia&parent=1173"}],"curies":[{"name":"wp","href":"https:\/\/api.w.org\/{rel}","templated":true}]}}