{"id":1155,"date":"2025-03-15T09:45:07","date_gmt":"2025-03-15T09:45:07","guid":{"rendered":"https:\/\/perfectpools4you.com\/?page_id=1155"},"modified":"2026-01-10T15:40:23","modified_gmt":"2026-01-10T15:40:23","slug":"servicos","status":"publish","type":"page","link":"https:\/\/perfectpools4you.com\/?page_id=1155","title":{"rendered":"Servi\u00e7os"},"content":{"rendered":"\n<section id=\"wp-block-themeisle-blocks-advanced-columns-a5663609\" class=\"wp-block-themeisle-blocks-advanced-columns alignfull has-1-columns has-desktop-equal-layout has-tablet-equal-layout has-mobile-equal-layout has-vertical-flex-start has-light-bg\"><div class=\"wp-block-themeisle-blocks-advanced-columns-overlay\"><\/div><div class=\"innerblocks-wrap\">\n<div id=\"wp-block-themeisle-blocks-advanced-column-4c4fd106\" class=\"wp-block-themeisle-blocks-advanced-column\">\n<div id=\"wp-block-themeisle-blocks-advanced-heading-841ad91e\" class=\"wp-block-themeisle-blocks-advanced-heading wp-block-themeisle-blocks-advanced-heading-841ad91e\">Cuide da sua piscina durante todo o ano!<\/div>\n\n\n\n<hr class=\"wp-block-separator has-text-color has-base-2-color has-alpha-channel-opacity has-base-2-background-color has-background is-style-default\" style=\"margin-top:0;margin-bottom:0\"\/>\n\n\n\n<p class=\"has-base-color has-text-color has-link-color wp-elements-d87aee2883206bcabe0890643e8e8c29\">Oferecemos servi\u00e7os profissionais de <strong>limpeza, tratamento, instala\u00e7\u00e3o, manuten\u00e7\u00e3o e renova\u00e7\u00e3o <\/strong>para garantir que a sua piscina esteja sempre pronta a usar. Desde a <strong>limpeza<\/strong> regular ao equil\u00edbrio da \u00e1gua, \u00e0 <strong>instala\u00e7\u00e3o de equipamentos<\/strong> e at\u00e9 \u00e0 <strong>constru\u00e7\u00e3o ou renova\u00e7\u00e3o<\/strong> de piscinas e spas, tratamos de tudo. Dispon\u00edvel no <strong>Algarve<\/strong> e arredores!<\/p>\n\n\n\n<section id=\"wp-block-themeisle-blocks-advanced-columns-0eb219a1\" class=\"wp-block-themeisle-blocks-advanced-columns has-3-columns has-desktop-equal-layout has-tablet-equal-layout has-mobile-collapsedRows-layout has-vertical-flex-start\"><div class=\"wp-block-themeisle-blocks-advanced-columns-overlay\"><\/div><div class=\"innerblocks-wrap\">\n<div id=\"wp-block-themeisle-blocks-advanced-column-dce98669\" class=\"wp-block-themeisle-blocks-advanced-column\">\n<div id=\"wp-block-themeisle-blocks-font-awesome-icons-502de6ef\" class=\"wp-block-themeisle-blocks-font-awesome-icons\"><span class=\"wp-block-themeisle-blocks-font-awesome-icons-container\"><i class=\"fas fa-swimming-pool\"><\/i><\/span><\/div>\n\n\n\n<h3 class=\"wp-block-heading has-text-align-center has-base-color has-text-color has-link-color wp-elements-cb32fcf38a7a400381a19c5462ab818c\" id=\"limpeza-tratamento\"><strong>Limpeza &amp; Tratamento<\/strong><\/h3>\n\n\n\n<p class=\"has-text-align-left has-base-color has-text-color has-link-color wp-elements-a01e691e8fd0cc47f3abfff5ac7f39b5\">\u27a4 Limpeza Regular da piscina;<br>\u27a4 Tratamento &amp; Equil\u00edbrio da \u00e1gua;<br>\u27a4 Abertura e fecho Sazonal;<\/p>\n\n\n\n<div style=\"height:48px\" aria-hidden=\"true\" class=\"wp-block-spacer\"><\/div>\n\n\n\n<div class=\"wp-block-buttons is-content-justification-center is-layout-flex wp-container-core-buttons-is-layout-a89b3969 wp-block-buttons-is-layout-flex\">\n<div class=\"wp-block-button is-style-primary\"><a class=\"wp-block-button__link has-base-color has-text-color has-background has-link-color wp-element-button\" href=\"https:\/\/perfectpools4you.com\/?page_id=1128\" style=\"border-radius:22px;background-color:#f0a733;font-style:normal;font-weight:700\"><strong>Ver Mais<\/strong><\/a><\/div>\n<\/div>\n<\/div>\n\n\n\n<div id=\"wp-block-themeisle-blocks-advanced-column-840de2b2\" class=\"wp-block-themeisle-blocks-advanced-column\">\n<div id=\"wp-block-themeisle-blocks-font-awesome-icons-276dd852\" class=\"wp-block-themeisle-blocks-font-awesome-icons\"><span class=\"wp-block-themeisle-blocks-font-awesome-icons-container\"><i class=\"fas fa-hammer\"><\/i><\/span><\/div>\n\n\n\n<h3 class=\"wp-block-heading has-text-align-center has-base-color has-text-color has-link-color wp-elements-2829ac24625c770090289e709ae84f8f\" id=\"construcao-renovacao\"><strong>Constru\u00e7\u00e3o &amp; Renova\u00e7\u00e3o<\/strong><\/h3>\n\n\n\n<p class=\"has-text-align-left has-base-color has-text-color has-link-color wp-elements-e5eb468874a4b4911bf412fcc0d460cb\">\u27a4 Spas;<br>\u27a4 Saunas;<br>\u27a4 Piscinas;<br>\u27a4 Banho Turco;<\/p>\n\n\n\n<div style=\"height:24px\" aria-hidden=\"true\" class=\"wp-block-spacer\"><\/div>\n\n\n\n<div class=\"wp-block-buttons is-content-justification-center is-layout-flex wp-container-core-buttons-is-layout-a89b3969 wp-block-buttons-is-layout-flex\">\n<div class=\"wp-block-button is-style-primary\"><a class=\"wp-block-button__link has-base-color has-text-color has-background has-link-color wp-element-button\" href=\"https:\/\/perfectpools4you.com\/?page_id=1177\" style=\"border-radius:22px;background-color:#f0a733;font-style:normal;font-weight:700\"><strong>Ver Mais<\/strong><\/a><\/div>\n<\/div>\n<\/div>\n\n\n\n<div id=\"wp-block-themeisle-blocks-advanced-column-2e2d3255\" class=\"wp-block-themeisle-blocks-advanced-column\">\n<div id=\"wp-block-themeisle-blocks-font-awesome-icons-ad071ed5\" class=\"wp-block-themeisle-blocks-font-awesome-icons\"><span class=\"wp-block-themeisle-blocks-font-awesome-icons-container\"><i class=\"fas fa-cog\"><\/i><\/span><\/div>\n\n\n\n<h3 class=\"wp-block-heading has-text-align-center has-base-color has-text-color has-link-color wp-elements-2dec95bfd61952c54e41088ebec66a20\" id=\"instalacao-manutencao\"><strong>Instala\u00e7\u00e3o &amp; Manuten\u00e7\u00e3o<\/strong><\/h3>\n\n\n\n<p class=\"has-text-align-left has-base-color has-text-color has-link-color wp-elements-dbf54b50499c471d064bb0f2e2bd0aea\">\u27a4 Bombas de Calor;<br>\u27a4 Sistema de Filtra\u00e7\u00e3o;<br>\u27a4 Coberturas Autom\u00e1ticas;<br>\u27a4 Tratamentos Autom\u00e1ticos;<\/p>\n\n\n\n<div style=\"height:26px\" aria-hidden=\"true\" class=\"wp-block-spacer\"><\/div>\n\n\n\n<div class=\"wp-block-buttons is-content-justification-center is-layout-flex wp-container-core-buttons-is-layout-a89b3969 wp-block-buttons-is-layout-flex\">\n<div class=\"wp-block-button is-style-primary\"><a class=\"wp-block-button__link has-base-color has-text-color has-background has-link-color wp-element-button\" href=\"https:\/\/perfectpools4you.com\/?page_id=1173\" style=\"border-radius:22px;background-color:#f0a733\"><strong>Ver Mais<\/strong><\/a><\/div>\n<\/div>\n<\/div>\n<\/div><\/section>\n<\/div>\n<\/div><\/section>\n\n\n\n<section id=\"wp-block-themeisle-blocks-advanced-columns-5bf726c2\" class=\"wp-block-themeisle-blocks-advanced-columns alignfull has-2-columns has-desktop-equal-layout has-tablet-equal-layout has-mobile-collapsedRows-layout has-vertical-center has-light-bg\"><div class=\"wp-block-themeisle-blocks-advanced-columns-overlay\"><\/div><div class=\"innerblocks-wrap\">\n<div id=\"wp-block-themeisle-blocks-advanced-column-1ecc9713\" class=\"wp-block-themeisle-blocks-advanced-column\">\n<h2 class=\"wp-block-heading has-text-align-left has-text-color\" id=\"start-planning-for-a-bright-future-for-your-company-1\" style=\"color:#ffffff\"><strong>Planeie hoje o futuro da sua piscina!<\/strong><\/h2>\n\n\n\n<p class=\"has-text-align-left has-text-color\" style=\"color:#ffffff\">Adotamos solu\u00e7\u00f5es inteligentes e sustent\u00e1veis para garantir o melhor desempenho e longevidade da sua piscina. Com uma abordagem personalizada, criamos ambientes aqu\u00e1ticos eficientes, seguros e adaptados \u00e0s suas necessidades. Desde a manuten\u00e7\u00e3o \u00e0 renova\u00e7\u00e3o, oferecemos um servi\u00e7o completo para que desfrute sem preocupa\u00e7\u00f5es.<\/p>\n\n\n\n<div class=\"wp-block-buttons is-layout-flex wp-block-buttons-is-layout-flex\">\n<div class=\"wp-block-button is-style-primary\"><a class=\"wp-block-button__link has-contrast-color has-text-color has-background has-link-color wp-element-button\" href=\"https:\/\/perfectpools4you.com\/?page_id=1058\" style=\"border-radius:22px;background-color:#f0a733\">Contactos<\/a><\/div>\n<\/div>\n<\/div>\n\n\n\n<div id=\"wp-block-themeisle-blocks-advanced-column-c7307024\" class=\"wp-block-themeisle-blocks-advanced-column\">\n<figure class=\"wp-block-gallery has-nested-images columns-2 is-cropped wp-block-gallery-1 is-layout-flex wp-block-gallery-is-layout-flex\">\n<figure class=\"wp-block-image size-full\"><img loading=\"lazy\" decoding=\"async\" width=\"2560\" height=\"1707\" data-id=\"1134\" src=\"https:\/\/perfectpools4you.com\/wp-content\/uploads\/2025\/03\/close-up-swimming-pool-ladder-scaled.jpg\" alt=\"\" class=\"wp-image-1134\" srcset=\"https:\/\/perfectpools4you.com\/wp-content\/uploads\/2025\/03\/close-up-swimming-pool-ladder-scaled.jpg 2560w, https:\/\/perfectpools4you.com\/wp-content\/uploads\/2025\/03\/close-up-swimming-pool-ladder-300x200.jpg 300w, https:\/\/perfectpools4you.com\/wp-content\/uploads\/2025\/03\/close-up-swimming-pool-ladder-1024x683.jpg 1024w, https:\/\/perfectpools4you.com\/wp-content\/uploads\/2025\/03\/close-up-swimming-pool-ladder-768x512.jpg 768w, https:\/\/perfectpools4you.com\/wp-content\/uploads\/2025\/03\/close-up-swimming-pool-ladder-1536x1024.jpg 1536w, https:\/\/perfectpools4you.com\/wp-content\/uploads\/2025\/03\/close-up-swimming-pool-ladder-2048x1365.jpg 2048w, https:\/\/perfectpools4you.com\/wp-content\/uploads\/2025\/03\/close-up-swimming-pool-ladder-600x400.jpg 600w\" sizes=\"auto, (max-width: 2560px) 100vw, 2560px\" \/><\/figure>\n\n\n\n<figure class=\"wp-block-image size-full\"><img loading=\"lazy\" decoding=\"async\" width=\"2560\" height=\"1707\" data-id=\"1097\" src=\"https:\/\/perfectpools4you.com\/wp-content\/uploads\/2025\/03\/stair-around-outdoor-swimming-pool-hotel-resort-scaled.jpg\" alt=\"\" class=\"wp-image-1097\" srcset=\"https:\/\/perfectpools4you.com\/wp-content\/uploads\/2025\/03\/stair-around-outdoor-swimming-pool-hotel-resort-scaled.jpg 2560w, https:\/\/perfectpools4you.com\/wp-content\/uploads\/2025\/03\/stair-around-outdoor-swimming-pool-hotel-resort-300x200.jpg 300w, https:\/\/perfectpools4you.com\/wp-content\/uploads\/2025\/03\/stair-around-outdoor-swimming-pool-hotel-resort-1024x683.jpg 1024w, https:\/\/perfectpools4you.com\/wp-content\/uploads\/2025\/03\/stair-around-outdoor-swimming-pool-hotel-resort-768x512.jpg 768w, https:\/\/perfectpools4you.com\/wp-content\/uploads\/2025\/03\/stair-around-outdoor-swimming-pool-hotel-resort-1536x1024.jpg 1536w, https:\/\/perfectpools4you.com\/wp-content\/uploads\/2025\/03\/stair-around-outdoor-swimming-pool-hotel-resort-2048x1365.jpg 2048w, https:\/\/perfectpools4you.com\/wp-content\/uploads\/2025\/03\/stair-around-outdoor-swimming-pool-hotel-resort-600x400.jpg 600w\" sizes=\"auto, (max-width: 2560px) 100vw, 2560px\" \/><\/figure>\n\n\n\n<figure class=\"wp-block-image size-full\"><img loading=\"lazy\" decoding=\"async\" width=\"1920\" height=\"1280\" data-id=\"1005\" src=\"https:\/\/perfectpools4you.com\/wp-content\/uploads\/2025\/02\/afro-woman-holding-bucket-with-cleaning-items-1.jpg\" alt=\"\" class=\"wp-image-1005\" srcset=\"https:\/\/perfectpools4you.com\/wp-content\/uploads\/2025\/02\/afro-woman-holding-bucket-with-cleaning-items-1.jpg 1920w, https:\/\/perfectpools4you.com\/wp-content\/uploads\/2025\/02\/afro-woman-holding-bucket-with-cleaning-items-1-300x200.jpg 300w, https:\/\/perfectpools4you.com\/wp-content\/uploads\/2025\/02\/afro-woman-holding-bucket-with-cleaning-items-1-1024x683.jpg 1024w, https:\/\/perfectpools4you.com\/wp-content\/uploads\/2025\/02\/afro-woman-holding-bucket-with-cleaning-items-1-768x512.jpg 768w, https:\/\/perfectpools4you.com\/wp-content\/uploads\/2025\/02\/afro-woman-holding-bucket-with-cleaning-items-1-1536x1024.jpg 1536w, https:\/\/perfectpools4you.com\/wp-content\/uploads\/2025\/02\/afro-woman-holding-bucket-with-cleaning-items-1-930x620.jpg 930w, https:\/\/perfectpools4you.com\/wp-content\/uploads\/2025\/02\/afro-woman-holding-bucket-with-cleaning-items-1-600x400.jpg 600w\" sizes=\"auto, (max-width: 1920px) 100vw, 1920px\" \/><\/figure>\n\n\n\n<figure class=\"wp-block-image size-full\"><img loading=\"lazy\" decoding=\"async\" width=\"549\" height=\"488\" data-id=\"1054\" src=\"https:\/\/perfectpools4you.com\/wp-content\/uploads\/2025\/03\/limpeza.webp\" alt=\"\" class=\"wp-image-1054\" srcset=\"https:\/\/perfectpools4you.com\/wp-content\/uploads\/2025\/03\/limpeza.webp 549w, https:\/\/perfectpools4you.com\/wp-content\/uploads\/2025\/03\/limpeza-300x267.webp 300w\" sizes=\"auto, (max-width: 549px) 100vw, 549px\" \/><\/figure>\n<\/figure>\n<\/div>\n<\/div><\/section>\n\n\n\n<p><\/p>\n","protected":false},"excerpt":{"rendered":"","protected":false},"author":1,"featured_media":0,"parent":0,"menu_order":0,"comment_status":"closed","ping_status":"closed","template":"page-no-title","meta":{"_gspb_post_css":"","_themeisle_gutenberg_block_has_review":false,"footnotes":""},"class_list":["post-1155","page","type-page","status-publish","hentry"],"_links":{"self":[{"href":"https:\/\/perfectpools4you.com\/index.php?rest_route=\/wp\/v2\/pages\/1155","targetHints":{"allow":["GET"]}}],"collection":[{"href":"https:\/\/perfectpools4you.com\/index.php?rest_route=\/wp\/v2\/pages"}],"about":[{"href":"https:\/\/perfectpools4you.com\/index.php?rest_route=\/wp\/v2\/types\/page"}],"author":[{"embeddable":true,"href":"https:\/\/perfectpools4you.com\/index.php?rest_route=\/wp\/v2\/users\/1"}],"replies":[{"embeddable":true,"href":"https:\/\/perfectpools4you.com\/index.php?rest_route=%2Fwp%2Fv2%2Fcomments&post=1155"}],"version-history":[{"count":9,"href":"https:\/\/perfectpools4you.com\/index.php?rest_route=\/wp\/v2\/pages\/1155\/revisions"}],"predecessor-version":[{"id":1236,"href":"https:\/\/perfectpools4you.com\/index.php?rest_route=\/wp\/v2\/pages\/1155\/revisions\/1236"}],"wp:attachment":[{"href":"https:\/\/perfectpools4you.com\/index.php?rest_route=%2Fwp%2Fv2%2Fmedia&parent=1155"}],"curies":[{"name":"wp","href":"https:\/\/api.w.org\/{rel}","templated":true}]}}